{"id":94,"date":"2013-06-03T12:51:16","date_gmt":"2013-06-03T12:51:16","guid":{"rendered":"http:\/\/www.schmierfinke-koeln.de\/?page_id=94"},"modified":"2019-09-18T14:33:45","modified_gmt":"2019-09-18T14:33:45","slug":"wer-wir-sind","status":"publish","type":"page","link":"http:\/\/www.schmierfinke-koeln.de\/?page_id=94","title":{"rendered":"Wer wir sind"},"content":{"rendered":"<div id=\"metaslider-id-150\" style=\"max-width: 735px;\" class=\"ml-slider-3-70-0 metaslider metaslider-flex metaslider-150 ml-slider ms-theme-default nav-hidden\" role=\"region\" aria-roledescription=\"Slideshow\" aria-label=\"Wer wir sind\">\n    <div id=\"metaslider_container_150\">\n        <div id=\"metaslider_150\">\n            <ul aria-live=\"polite\" class=\"slides\">\n                <li style=\"display: block; width: 100%;\" class=\"slide-337 ms-image \" aria-roledescription=\"slide\" aria-label=\"slide-337\"><img loading=\"lazy\" decoding=\"async\" src=\"http:\/\/www.schmierfinke-koeln.de\/wp-content\/uploads\/2013\/06\/SCHMIER28-e1496349124239-499x238.jpg\" height=\"350\" width=\"735\" alt=\"\" class=\"slider-150 slide-337\" \/><\/li>\n                <li style=\"display: none; width: 100%;\" class=\"slide-321 ms-image \" aria-roledescription=\"slide\" aria-label=\"slide-321\"><img loading=\"lazy\" decoding=\"async\" src=\"http:\/\/www.schmierfinke-koeln.de\/wp-content\/uploads\/2013\/06\/SCHMIER72-e1405535997790-365x173.jpg\" height=\"350\" width=\"735\" alt=\"\" class=\"slider-150 slide-321\" \/><\/li>\n                <li style=\"display: none; width: 100%;\" class=\"slide-866 ms-image \" aria-roledescription=\"slide\" aria-label=\"slide-866\"><img loading=\"lazy\" decoding=\"async\" src=\"http:\/\/www.schmierfinke-koeln.de\/wp-content\/uploads\/2014\/09\/image3-e1410200375688-735x350.jpg\" height=\"350\" width=\"735\" alt=\"\" class=\"slider-150 slide-866\" \/><\/li>\n                <li style=\"display: none; width: 100%;\" class=\"slide-872 ms-image \" aria-roledescription=\"slide\" aria-label=\"slide-872\"><img loading=\"lazy\" decoding=\"async\" src=\"http:\/\/www.schmierfinke-koeln.de\/wp-content\/uploads\/2014\/09\/image9-e1410200175671-735x350.jpg\" height=\"350\" width=\"735\" alt=\"\" class=\"slider-150 slide-872\" \/><\/li>\n            <\/ul>\n        <\/div>\n        \n    <\/div>\n<\/div>\n<p>Die Kindertagesst\u00e4tte \u201eSchmierfinke\u201c wurde 1987 gegr\u00fcndet. Tr\u00e4ger der Einrichtung ist der Verein \u201eSchmierfinke e.V.\u201c. Mitglieder des Vereins sind die Eltern der Kinder, die zur Zeit die Kita besuchen. Die Schmierfinke sind im parit\u00e4tischen Wohlfahrtsverband organisiert und Mitglied im KEKS e.V. (K\u00f6lner Eltern und Kind Selbsthilfe).<\/p>\n<p>Die Kindertagesst\u00e4tte ist eingruppig. In einer kleinen altersgemischten Gruppe werden 18 Kinder im Alter von 4 Monaten bis zum Schuleintritt betreut. Die Gruppe der Kinder setzt sich aus neun Kindern unter drei und neun Kindern \u00fcber drei Jahren zusammen. Das Verh\u00e4ltnis zwischen M\u00e4dchen und Jungen ist in der Regel ausgewogen. Geschwisterkinder erhalten bevorzugt einen Platz.<\/p>\n<p>Die Altersmischung in der Gruppe erm\u00f6glicht den Kindern Erfahrungen, die in der heutigen Lebenswelt selten sind: der regelm\u00e4\u00dfige Umgang mit \u00e4lteren und j\u00fcngeren Kindern. Im allt\u00e4glichen Umgang miteinander erwerben die Kinder soziale Kompetenz.<\/p>\n","protected":false},"excerpt":{"rendered":"<p>Die Kindertagesst\u00e4tte \u201eSchmierfinke\u201c wurde 1987 gegr\u00fcndet. Tr\u00e4ger der Einrichtung ist der Verein \u201eSchmierfinke e.V.\u201c. Mitglieder des Vereins sind die Eltern der Kinder, die zur Zeit die Kita besuchen. Die Schmierfinke [&#8230;]<\/p>\n","protected":false},"author":1,"featured_media":0,"parent":14,"menu_order":0,"comment_status":"open","ping_status":"open","template":"","meta":{"footnotes":""},"_links":{"self":[{"href":"http:\/\/www.schmierfinke-koeln.de\/index.php?rest_route=\/wp\/v2\/pages\/94"}],"collection":[{"href":"http:\/\/www.schmierfinke-koeln.de\/index.php?rest_route=\/wp\/v2\/pages"}],"about":[{"href":"http:\/\/www.schmierfinke-koeln.de\/index.php?rest_route=\/wp\/v2\/types\/page"}],"author":[{"embeddable":true,"href":"http:\/\/www.schmierfinke-koeln.de\/index.php?rest_route=\/wp\/v2\/users\/1"}],"replies":[{"embeddable":true,"href":"http:\/\/www.schmierfinke-koeln.de\/index.php?rest_route=%2Fwp%2Fv2%2Fcomments&post=94"}],"version-history":[{"count":8,"href":"http:\/\/www.schmierfinke-koeln.de\/index.php?rest_route=\/wp\/v2\/pages\/94\/revisions"}],"predecessor-version":[{"id":1253,"href":"http:\/\/www.schmierfinke-koeln.de\/index.php?rest_route=\/wp\/v2\/pages\/94\/revisions\/1253"}],"up":[{"embeddable":true,"href":"http:\/\/www.schmierfinke-koeln.de\/index.php?rest_route=\/wp\/v2\/pages\/14"}],"wp:attachment":[{"href":"http:\/\/www.schmierfinke-koeln.de\/index.php?rest_route=%2Fwp%2Fv2%2Fmedia&parent=94"}],"curies":[{"name":"wp","href":"https:\/\/api.w.org\/{rel}","templated":true}]}}