{"id":50,"date":"2013-04-26T15:20:06","date_gmt":"2013-04-26T15:20:06","guid":{"rendered":"http:\/\/ueberdill.com\/schmier\/?page_id=50"},"modified":"2018-11-22T10:30:53","modified_gmt":"2018-11-22T10:30:53","slug":"feste-feiern","status":"publish","type":"page","link":"https:\/\/www.schmierfinke-koeln.de\/?page_id=50","title":{"rendered":"Feste &#038; Feiern"},"content":{"rendered":"<p><span style=\"line-height: 1.714285714; font-size: 1rem;\">Feste zu feiern, ist ein wichtiger Bestandteil der p\u00e4dagogischen Arbeit der Schmierfinke. Der Sinn von Festen besteht darin, die Routine des Alltags zu unterbrechen. Feiern bedeutet, dass alle gemeinsam etwas Sch\u00f6nes erleben. Die Feste sind nicht am Konsum orientiert. Vielmehr steht bei den Festen der Erlebnischarakter im Vordergrund. Wir feiern zu Karneval und Ostern, zur Verabschiedung der Schulkinder und zu Sankt Martin, Nikolaus und Weihnachten. Bei allen Festen steht das Erlebnis von Gemeinschaft und die gemeinsame Freude im Vordergrund. Sich miteinander freuen, gespannt zusammen auf das Ereignis zu warten, erh\u00f6ht das Zugeh\u00f6rigkeitsgef\u00fchl. Gem\u00fctlichkeit, Geborgenheit und Wohlbefinden werden erlebt. Solche gemeinsam erlebten H\u00f6hepunkte f\u00f6rdern soziale Bindungen, st\u00e4rken das Gemeinschaftsgef\u00fchl und helfen den Beteiligten eine gemeinsame Identit\u00e4t zu entwickeln. Feste geben der Kita Schmierfinke ihr eigenes Gesicht.<\/span><\/p>\n<p>Wiederkehrende Feste und Rituale, die jedes Jahr mit den gleichen Liedern und \u00e4hnlichen Abl\u00e4ufen begangen werden, sind f\u00fcr Kinder wichtig. Sie machen neben dem Glanz, den sie der Gegenwart verleihen, oftmals die<br \/>\nErinnerung aus, die Menschen sp\u00e4ter mit Kindheit verbinden.<\/p>\n<p>In der Einrichtung ist es besonders wichtig, Kindergeburtstag zu feiern. Der Kindergeburtstag ist f\u00fcr jedes Kind ein ganz besonderer H\u00f6hepunkt, denn an diesem Tag ist das Geburtstagskind die Hauptperson. So wird der eigene Geburtstag von den Kindern sehns\u00fcchtig erwartet. Das Im-Mittelpunkt-Stehen, die Feier, die Geschenke, die G\u00e4ste und das \u00c4lterwerden machen den Tag zu einem erinnerungsw\u00fcrdigen Feiertag.<\/p>\n<p>Kindergeburtstage werden nach bestimmten Regeln gefeiert und die Kinder passen auf, dass diese auch eingehalten werden. Sch\u00f6n gedeckte Tische mit Kerzenschmuck, ein gemeinsames Fr\u00fchst\u00fcck und das Singen von Liedern verleihen dem Geburtstag etwas Besonderes.<\/p>\n<p>Zu Feiern geschieht unter dem Gesichtspunkt: Nur was erlebt und erfahren wird, kann weitergegeben werden.<\/p>\n","protected":false},"excerpt":{"rendered":"<p>Feste zu feiern, ist ein wichtiger Bestandteil der p\u00e4dagogischen Arbeit der Schmierfinke. Der Sinn von Festen besteht darin, die Routine des Alltags zu unterbrechen. Feiern bedeutet, dass alle gemeinsam etwas [&#8230;]<\/p>\n","protected":false},"author":1,"featured_media":0,"parent":14,"menu_order":0,"comment_status":"closed","ping_status":"closed","template":"","meta":{"footnotes":""},"_links":{"self":[{"href":"https:\/\/www.schmierfinke-koeln.de\/index.php?rest_route=\/wp\/v2\/pages\/50"}],"collection":[{"href":"https:\/\/www.schmierfinke-koeln.de\/index.php?rest_route=\/wp\/v2\/pages"}],"about":[{"href":"https:\/\/www.schmierfinke-koeln.de\/index.php?rest_route=\/wp\/v2\/types\/page"}],"author":[{"embeddable":true,"href":"https:\/\/www.schmierfinke-koeln.de\/index.php?rest_route=\/wp\/v2\/users\/1"}],"replies":[{"embeddable":true,"href":"https:\/\/www.schmierfinke-koeln.de\/index.php?rest_route=%2Fwp%2Fv2%2Fcomments&post=50"}],"version-history":[{"count":12,"href":"https:\/\/www.schmierfinke-koeln.de\/index.php?rest_route=\/wp\/v2\/pages\/50\/revisions"}],"predecessor-version":[{"id":790,"href":"https:\/\/www.schmierfinke-koeln.de\/index.php?rest_route=\/wp\/v2\/pages\/50\/revisions\/790"}],"up":[{"embeddable":true,"href":"https:\/\/www.schmierfinke-koeln.de\/index.php?rest_route=\/wp\/v2\/pages\/14"}],"wp:attachment":[{"href":"https:\/\/www.schmierfinke-koeln.de\/index.php?rest_route=%2Fwp%2Fv2%2Fmedia&parent=50"}],"curies":[{"name":"wp","href":"https:\/\/api.w.org\/{rel}","templated":true}]}}