{"id":79,"date":"2013-04-26T15:20:20","date_gmt":"2013-04-26T15:20:20","guid":{"rendered":"http:\/\/ueberdill.com\/schmier\/?page_id=52"},"modified":"2024-04-04T16:58:08","modified_gmt":"2024-04-04T16:58:08","slug":"ferienfahrt","status":"publish","type":"page","link":"https:\/\/www.schmierfinke-koeln.de\/?page_id=79","title":{"rendered":"Fahrten"},"content":{"rendered":"<h3>Ferienfahrt<\/h3>\n<p>Ein besonderer H\u00f6hepunkt im Jahr ist die Ferienfahrt. Mit den \u00fcber dreij\u00e4hrigen Kindern wird im<br \/>\nFr\u00fchsommer eine Woche (bis zu drei \u00dcbernachtungen) in der Umgebung naturnah Urlaub gemacht. Mit unterschiedlichen \u00f6ffentlichen Verkehrsmitteln f\u00e4hrt die Gruppe in den Urlaubsort. Die Urlaubsorte sind wohlbedacht ausgesucht und bieten den Kinder die M\u00f6glichkeit, Naturerkundung zu betreiben. Die Umgebung l\u00e4dt die Kinder ein, ihren Bewegungsbed\u00fcrfnissen nachzukommen und fantasievoll in und mit der Natur zu spielen. Am Urlaubsort finden die Kinder Entspannung und sie erleben die soziale Gemeinschaft in einer weiteren Form.<\/p>\n<p>Die Ferienfahrt f\u00f6rdert das Selbstbewusstsein und die Selbstst\u00e4ndigkeit der einzelnen Kinder und den Zusammenhalt in der Gruppe. Die Teilnahme ist freiwillig, wird jedoch von den Kindern nahezu<br \/>\nohne Ausnahme wahrgenommen.<\/p>\n<div id=\"metaslider-id-755\" style=\"width: 100%;\" class=\"ml-slider-3-70-0 metaslider metaslider-flex metaslider-755 ml-slider ms-theme-default nav-hidden\" role=\"region\" aria-roledescription=\"Slideshow\" aria-label=\"Fahrten\">\n    <div id=\"metaslider_container_755\">\n        <div id=\"metaslider_755\">\n            <ul aria-live=\"polite\" class=\"slides\">\n                <li style=\"display: block; width: 100%;\" class=\"slide-761 ms-image \" aria-roledescription=\"slide\" aria-label=\"slide-761\"><img loading=\"lazy\" decoding=\"async\" src=\"https:\/\/www.schmierfinke-koeln.de\/wp-content\/uploads\/2013\/12\/Ausfl\u00fcge-735x350.jpg\" height=\"350\" width=\"735\" alt=\"\" class=\"slider-755 slide-761\" \/><\/li>\n            <\/ul>\n        <\/div>\n        \n    <\/div>\n<\/div>\n<h3><\/h3>\n<h3>Eltern-Kind-Wochenende<\/h3>\n<p>In jedem Fr\u00fchjahr fahren die Schmierfinke-Familien an einem Wochenende gemeinsam<br \/>\nin eine Jugendherberge. Die Ziele liegen im Radius von circa zwei Autostunden von<br \/>\nK\u00f6ln entfernt. Fernab vom Alltag bietet sich so die Gelegenheit f\u00fcr Eltern und<br \/>\nKinder, in Ruhe miteinander Zeit zu verbringen, zu reden, zu spielen und kleine<br \/>\nAusfl\u00fcge zu machen. Die Teilnahme ist freiwillig.<\/p>\n","protected":false},"excerpt":{"rendered":"<p>Ferienfahrt Ein besonderer H\u00f6hepunkt im Jahr ist die Ferienfahrt. Mit den \u00fcber dreij\u00e4hrigen Kindern wird im Fr\u00fchsommer eine Woche (bis zu drei \u00dcbernachtungen) in der Umgebung naturnah Urlaub gemacht. Mit [&#8230;]<\/p>\n","protected":false},"author":1,"featured_media":0,"parent":14,"menu_order":0,"comment_status":"closed","ping_status":"open","template":"","meta":{"footnotes":""},"_links":{"self":[{"href":"https:\/\/www.schmierfinke-koeln.de\/index.php?rest_route=\/wp\/v2\/pages\/79"}],"collection":[{"href":"https:\/\/www.schmierfinke-koeln.de\/index.php?rest_route=\/wp\/v2\/pages"}],"about":[{"href":"https:\/\/www.schmierfinke-koeln.de\/index.php?rest_route=\/wp\/v2\/types\/page"}],"author":[{"embeddable":true,"href":"https:\/\/www.schmierfinke-koeln.de\/index.php?rest_route=\/wp\/v2\/users\/1"}],"replies":[{"embeddable":true,"href":"https:\/\/www.schmierfinke-koeln.de\/index.php?rest_route=%2Fwp%2Fv2%2Fcomments&post=79"}],"version-history":[{"count":19,"href":"https:\/\/www.schmierfinke-koeln.de\/index.php?rest_route=\/wp\/v2\/pages\/79\/revisions"}],"predecessor-version":[{"id":1398,"href":"https:\/\/www.schmierfinke-koeln.de\/index.php?rest_route=\/wp\/v2\/pages\/79\/revisions\/1398"}],"up":[{"embeddable":true,"href":"https:\/\/www.schmierfinke-koeln.de\/index.php?rest_route=\/wp\/v2\/pages\/14"}],"wp:attachment":[{"href":"https:\/\/www.schmierfinke-koeln.de\/index.php?rest_route=%2Fwp%2Fv2%2Fmedia&parent=79"}],"curies":[{"name":"wp","href":"https:\/\/api.w.org\/{rel}","templated":true}]}}